{"id":1163,"date":"2024-12-09T14:11:08","date_gmt":"2024-12-09T13:11:08","guid":{"rendered":"https:\/\/www.database-designs.ch\/filemaker-wp\/?page_id=1163"},"modified":"2025-07-15T12:46:10","modified_gmt":"2025-07-15T10:46:10","slug":"artikel-archiv","status":"publish","type":"page","link":"https:\/\/www.database-designs.ch\/filemaker-wp\/artikel-archiv\/","title":{"rendered":"Artikel Archiv"},"content":{"rendered":"<div id=\"pl-1163\"  class=\"panel-layout\" ><div id=\"pg-1163-0\"  class=\"panel-grid panel-no-style\" ><div id=\"pgc-1163-0-0\"  class=\"panel-grid-cell\" ><div id=\"panel-1163-0-0-0\" class=\"so-panel widget widget_text panel-first-child panel-last-child\" data-index=\"0\" ><h3 class=\"widget-title\">Mit Claris FileMaker Pro selbst die Digital Workspace Transformation in die Hand nehmen (9.\u00a0Dezember\u00a02024)<\/h3>\t\t\t<div class=\"textwidget\"><p><a href=\"https:\/\/www.claris.com\"><img loading=\"lazy\" decoding=\"async\" class=\"alignnone wp-image-1128\" src=\"https:\/\/www.database-designs.ch\/filemaker-wp\/wp-content\/uploads\/2024\/06\/claris-filemaker-2024-icon.png\" alt=\"\" width=\"50\" height=\"55\" srcset=\"https:\/\/www.database-designs.ch\/filemaker-wp\/wp-content\/uploads\/2024\/06\/claris-filemaker-2024-icon.png 294w, https:\/\/www.database-designs.ch\/filemaker-wp\/wp-content\/uploads\/2024\/06\/claris-filemaker-2024-icon-272x300.png 272w\" sizes=\"auto, (max-width: 50px) 100vw, 50px\" \/><\/a><\/p>\n<p>Ein anhaltender Trend in der IT-Branche ist die &#171;<b>Digital Workspace Transformation<\/b>&#187; &#8211; Dieses Bed\u00fcrfnis, die Arbeitsprozesse zu digitalisieren hatte im Jahre 2020 aus den ja bekannten Gr\u00fcnden so richtig Fahrt aufgenommen. Alle mussten zuhause bleiben. Wie erstelle ich nun ein email mit PDF aus dem sonst so bequem ausgedruckten Papier? Das \u201cF\u00e4chli\u201d vom B\u00fcro-Nachbarn war pl\u00f6tzlich von heute auf morgen so fern.<\/p>\n<p>Der neuste Begriff ist nun das &#171;<b>Work Operating System<\/b>&#171;. Hiermit ist nicht das Betriebsystem selbst (Windows oder macOS) gemeint, sondern die Software Plattform, mit welcher die Gesch\u00e4fts-Prozesse digital abgebildet werden.<\/p>\n<p>Unter einem Work Operating System wird also eine neue Art von Software verstanden, welche die Funktionen von Projektmanagement-Software, Tools f\u00fcr die Zusammenarbeit und mehr vereint. Im Gegensatz zu typischen Business-Tools bietet Work OS die grundlegenden Bausteine zum selber Erstellen von Anwendungen f\u00fcr verschiedene Projekte, Arbeitsabl\u00e4ufe und Vorg\u00e4nge an. Das Work OS wird daher zum zentralen Knotenpunkt, f\u00fcr die t\u00e4glichen Abl\u00e4ufe.<\/p>\n<p><b>Wovon jetzt alle sprechen, ist eigentlich das, was Claris mit FileMaker schon seit \u00fcber 30 Jahren anbietet<\/b>. Eine Plattform, mit deren Hilfe man seine eigenen Gesch\u00e4ftsprozesse abbilden kann.<\/p>\n<p>Dazu geistern Schlagworte wie Low-Code, Pro-Code im Raum. Mit \u201cLow-Code&#187; ist gemeint, dass der Anwender selbst auch gewisse Aufgaben \u00fcbernehmen kann. So kann man selbst schnell auf sich ver\u00e4ndernde Begebenheiten reagieren. \u201eAgil\u201c ist das neue Schlagwort.<span class=\"Apple-converted-space\">\u00a0<\/span><\/p>\n<p>Dabei kann es im Laufe der Zeit jedoch dazu kommen, dass der Kunde beschliesst, die Plattform ist zwar ausgereift, jedoch will sich der Mitarbeiter mehr den Gesch\u00e4ftsprozessen widmen oder gewisse Dinge sind dann doch zu komplex oder technisch Anspruchsvoll.<span class=\"Apple-converted-space\">\u00a0<\/span><\/p>\n<p>Hier kommen genau wir ins Spiel. Wir programmieren seit fast 25 Jahren individuelle FileMaker Pro Datenbank L\u00f6sungen f\u00fcr unsere Kunden. <b>Vertrauen Sie also den erfahrenen FileMaker Spezialisten.<\/b><\/p>\n<\/div>\n\t\t<\/div><\/div><\/div><div id=\"pg-1163-1\"  class=\"panel-grid panel-no-style\" ><div id=\"pgc-1163-1-0\"  class=\"panel-grid-cell\" ><div id=\"panel-1163-1-0-0\" class=\"so-panel widget widget_text panel-first-child panel-last-child\" data-index=\"1\" ><h3 class=\"widget-title\">FileMaker Version 21.1 (10. November 2024)<\/h3>\t\t\t<div class=\"textwidget\"><p><a href=\"https:\/\/www.claris.com\"><img loading=\"lazy\" decoding=\"async\" class=\"alignnone wp-image-1128\" src=\"https:\/\/www.database-designs.ch\/filemaker-wp\/wp-content\/uploads\/2024\/06\/claris-filemaker-2024-icon.png\" alt=\"\" width=\"50\" height=\"55\" srcset=\"https:\/\/www.database-designs.ch\/filemaker-wp\/wp-content\/uploads\/2024\/06\/claris-filemaker-2024-icon.png 294w, https:\/\/www.database-designs.ch\/filemaker-wp\/wp-content\/uploads\/2024\/06\/claris-filemaker-2024-icon-272x300.png 272w\" sizes=\"auto, (max-width: 50px) 100vw, 50px\" \/><\/a><\/p>\n<p>FileMaker wartet erneut mit einer neuen Version der Claris FlieMaker Plattform auf: Version 21.1<\/p>\n<p>Im 3 Monate Takt werden komplett neue Funktionen ausgeliefert oder bestehende Funktionalit\u00e4ten erweitert. Um nur ein Beispiel heraus zu greifen: Die lokalen KI Funktionen unterst\u00fctzen neu auch Bild Funktionen, so dass Container entsprechend mit einer KI analysiert werden k\u00f6nnen &#8211; wahlweise mit oder lieber &#171;ohne&#187; OpenAI.<span class=\"Apple-converted-space\">\u00a0<\/span><\/p>\n<p>Als Apple Tochter ist Claris sehr auf Privacy bedacht und diese Berechnungen k\u00f6nnen alle im lokalen Netzwerk durchgef\u00fchrt werden.<\/p>\n<\/div>\n\t\t<\/div><\/div><\/div><\/div>","protected":false},"excerpt":{"rendered":"<p>Ein anhaltender Trend in der IT-Branche ist die &#171;Digital Workspace Transformation&#187; &#8211; Dieses Bed\u00fcrfnis, die Arbeitsprozesse zu digitalisieren hatte im Jahre 2020 aus den ja bekannten Gr\u00fcnden so richtig Fahrt aufgenommen. Alle mussten zuhause bleiben. Wie erstelle ich nun ein email mit PDF aus dem sonst so bequem ausgedruckten Papier? Das \u201cF\u00e4chli\u201d vom B\u00fcro-Nachbarn war [&hellip;]<\/p>\n","protected":false},"author":1,"featured_media":0,"parent":0,"menu_order":0,"comment_status":"closed","ping_status":"closed","template":"templates\/template-full.php","meta":{"footnotes":""},"class_list":["post-1163","page","type-page","status-publish","hentry"],"_links":{"self":[{"href":"https:\/\/www.database-designs.ch\/filemaker-wp\/wp-json\/wp\/v2\/pages\/1163","targetHints":{"allow":["GET"]}}],"collection":[{"href":"https:\/\/www.database-designs.ch\/filemaker-wp\/wp-json\/wp\/v2\/pages"}],"about":[{"href":"https:\/\/www.database-designs.ch\/filemaker-wp\/wp-json\/wp\/v2\/types\/page"}],"author":[{"embeddable":true,"href":"https:\/\/www.database-designs.ch\/filemaker-wp\/wp-json\/wp\/v2\/users\/1"}],"replies":[{"embeddable":true,"href":"https:\/\/www.database-designs.ch\/filemaker-wp\/wp-json\/wp\/v2\/comments?post=1163"}],"version-history":[{"count":5,"href":"https:\/\/www.database-designs.ch\/filemaker-wp\/wp-json\/wp\/v2\/pages\/1163\/revisions"}],"predecessor-version":[{"id":1197,"href":"https:\/\/www.database-designs.ch\/filemaker-wp\/wp-json\/wp\/v2\/pages\/1163\/revisions\/1197"}],"wp:attachment":[{"href":"https:\/\/www.database-designs.ch\/filemaker-wp\/wp-json\/wp\/v2\/media?parent=1163"}],"curies":[{"name":"wp","href":"https:\/\/api.w.org\/{rel}","templated":true}]}}