{"id":28,"date":"2026-02-08T22:17:49","date_gmt":"2026-02-08T21:17:49","guid":{"rendered":"http:\/\/database-designs.ch\/filemaker-dbd\/?page_id=28"},"modified":"2026-02-11T08:58:53","modified_gmt":"2026-02-11T07:58:53","slug":"home","status":"publish","type":"page","link":"https:\/\/www.database-designs.ch\/filemaker-wp\/","title":{"rendered":"Home"},"content":{"rendered":"<div id=\"pl-28\" class=\"panel-layout\">\n<div id=\"pg-28-0\" class=\"panel-grid panel-has-style\" data-style=\"{&quot;padding&quot;:&quot;10px 20px 30px 20px&quot;,&quot;mobile_padding&quot;:&quot;5px 5px 10px 5px&quot;,&quot;background&quot;:&quot;#add6d0&quot;,&quot;background_image_attachment&quot;:false,&quot;background_display&quot;:&quot;tile&quot;,&quot;background_image_size&quot;:&quot;full&quot;,&quot;border_thickness&quot;:&quot;1px&quot;,&quot;full_height&quot;:&quot;&quot;,&quot;cell_alignment&quot;:&quot;flex-start&quot;}\">\n<div class=\"panel-row-style panel-row-style-for-28-0\">\n<div id=\"pgc-28-0-0\" class=\"panel-grid-cell\" data-weight=\"1\">\n<div id=\"panel-28-0-0-0\" class=\"so-panel widget widget_text panel-first-child panel-last-child\" data-index=\"0\" data-style=\"{&quot;background_image_attachment&quot;:false,&quot;background_display&quot;:&quot;parallax&quot;,&quot;background_image_size&quot;:&quot;full&quot;,&quot;background_image_opacity&quot;:&quot;100&quot;,&quot;border_thickness&quot;:&quot;1px&quot;}\">\n<h3 class=\"widget-title\">FileMaker 2025 ist da! (15.\u00a0Juli\u00a02025)<\/h3>\n<div class=\"textwidget\">\n<p><a href=\"https:\/\/www.claris.com\"><img loading=\"lazy\" decoding=\"async\" class=\"alignnone wp-image-1128\" src=\"https:\/\/www.database-designs.ch\/filemaker-wp\/wp-content\/uploads\/2024\/06\/claris-filemaker-2024-icon.png\" sizes=\"auto, (max-width: 50px) 100vw, 50px\" srcset=\"https:\/\/www.database-designs.ch\/filemaker-wp\/wp-content\/uploads\/2024\/06\/claris-filemaker-2024-icon.png 294w, https:\/\/www.database-designs.ch\/filemaker-wp\/wp-content\/uploads\/2024\/06\/claris-filemaker-2024-icon-272x300.png 272w\" alt=\"\" width=\"50\" height=\"55\" \/><\/a><\/p>\n<p>Der Fokus liegt \u2013 wie h\u00e4tte es anders sein k\u00f6nnen \u2013 auf noch mehr KI Funktionen. KI KI KI.<\/p>\n<p>Bei KI ist meistens der erste Gedanke: \u00abUh, Hilfe und meine Daten?\u00bb. Darauf wurden wir in Europa im Rahmen der KI Debatten in der Politik ja jahrelang getrimmt, w\u00e4hrend in den USA KI zum Curriculum Vitae geh\u00f6rt, dass man das beherrscht.<\/p>\n<p>Doch Claris hat sehr viel f\u00fcr Kunden mit sensiblen Daten getan. Die LLM-Modelle k\u00f6nnen neu direkt und sehr einfach vom lokalen FileMaker Server betrieben werden, so dass gar keine Daten das Haus verlassen und die Architektur wurde erweitert, so dass neu auch generative Text LLMs genutzt werden k\u00f6nnen.<\/p>\n<p>So sind gewisse Anwendungen von KI Modellen innerhalb von FileMaker 2025 nun sehr einfach geworden, doch gibt es f\u00fcr die Entwickler sicherlich viel zu Lernen und die richtige Anwendung f\u00fcr die Kundenbed\u00fcrfnisse einzusch\u00e4tzen.<\/p>\n<p>Verbesserte Claris Studio Integration in FileMaker 2025. Die M\u00f6glichkeiten und Tiefgr\u00fcndigkeit dieser Integration sind meiner Meinung nach noch weitgehend untersch\u00e4tzt und es bedarf durchaus einer gr\u00fcndlichen Evaluation, bevor man Claris Studio als \u00abweiteres Formular\u00bb Tool einstuft.<span class=\"Apple-converted-space\">\u00a0<\/span><\/p>\n<p>Eine Woche nach der Ank\u00fcndigung, wenn man die ersten Informationen, Webinare abstrahiert hat:<\/p>\n<p>Claris schafft nun mit FileMaker 2025, Claris Connect und Claris Studio ein Universum, das durchaus nett zusammen spielt.<span class=\"Apple-converted-space\">\u00a0<\/span><\/p>\n<p>P.S. eine kleine technische Anmerkung: Die \u00abMarketing\u00bb Version heisst FileMaker 2025. Wenn man die \u00abtechnische\u00bb Version der App nachschaut, dann ist die aktuelle Version Get(ApplicationVersion) = 22.0.1<\/p>\n<p><a href=\"https:\/\/www.database-designs.ch\/filemaker-wp\/artikel-archiv\/\">Fr\u00fchere Beitr\u00e4ge finden Sie im Archiv<\/a><\/p>\n<p><code><\/code><\/p>\n<\/div>\n<\/div>\n<\/div>\n<\/div>\n<\/div>\n<div id=\"pg-28-1\" class=\"panel-grid panel-no-style\" data-style=\"{&quot;background_display&quot;:&quot;tile&quot;,&quot;full_height&quot;:&quot;&quot;,&quot;cell_alignment&quot;:&quot;flex-start&quot;}\">\n<div id=\"pgc-28-1-0\" class=\"panel-grid-cell\" data-weight=\"1\">\n<div id=\"panel-28-1-0-0\" class=\"so-panel widget widget_sow-features panel-first-child\" data-index=\"1\" data-style=\"{&quot;background_display&quot;:&quot;tile&quot;}\"><div\n\t\t\t\n\t\t\tclass=\"so-widget-sow-features so-widget-sow-features-default-15710815a2d8\"\n\t\t\t\n\t\t><ul\n\tclass=\"sow-features-list\n\tsow-features-responsive\">\n\n\t\t\t<li\n\t\t\tclass=\"sow-features-feature sow-icon-container-position-top\"\n\t\t\tstyle=\"display: flex; flex-direction: column; width: calc(33.333% - 25px);\"\n\t\t>\n\t\t\t\n\t\t\t\t\t\t<div\t\t\t\tclass=\"sow-icon-container sow-container-rounded-hex\"\n\t\t\t\tstyle=\"color: ; \"\n\t\t\t\t\n\t\t\t\t\t\t\t>\n\t\t\t\t<span class=\"sow-icon-fontawesome sow-fas\" data-sow-icon=\"&#xf390;\"\n\t\tstyle=\"font-size: 24px; color: #ffffff\" \n\t\taria-hidden=\"true\"><\/span>\t\t\t<\/div>\n\n\t\t\t<div class=\"textwidget\">\n\t\t\t\t\n\t\t\t\t\t\t\t\t\t<h5 class=\"sow-features-feature-title\">\n\t\t\t\t\t\tMacintosh und Windows\t\t\t\t\t<\/h5>\n\t\t\t\t\n\t\t\t\t\t\t\t\t\t<div class=\"sow-features-feature-text\">\n\t\t\t\t\t&lt;p&gt;FileMaker Pro\u00ae Datenbank-L\u00f6sungen f\u00fcr Macintosh und Windows Computer von der Einzelplatz- oder Arbeitsgruppen Netzwerkl\u00f6sung bis hin zum Einsatz auf Windows Terminal Server.&lt;\/p&gt;\t\t\t\t\t<\/div>\n\t\t\t\t\t\t\t\t<\/div>\n\t\t\t\t\t\t\t\t<\/li>\n\n\t\t\t<li\n\t\t\tclass=\"sow-features-feature sow-icon-container-position-top\"\n\t\t\tstyle=\"display: flex; flex-direction: column; width: calc(33.333% - 25px);\"\n\t\t>\n\t\t\t\n\t\t\t\t\t\t<div\t\t\t\tclass=\"sow-icon-container sow-container-rounded-hex\"\n\t\t\t\tstyle=\"color: ; \"\n\t\t\t\t\n\t\t\t\t\t\t\t>\n\t\t\t\t\t\t\t<\/div>\n\n\t\t\t<div class=\"textwidget\">\n\t\t\t\t\n\t\t\t\t\t\t\t\t\t<h5 class=\"sow-features-feature-title\">\n\t\t\t\t\t\tiPhone &amp; iPad\t\t\t\t\t<\/h5>\n\t\t\t\t\n\t\t\t\t\t\t\t\t\t<div class=\"sow-features-feature-text\">\n\t\t\t\t\t&lt;p&gt;Custom Apps f\u00fcr iPhone, iPad oder Android sind heute in aller Munde. Nur mit welchem Aufwand und zu welchem Preis?&lt;\/p&gt;\n&lt;p&gt;Mit FileMaker GO und WebDirect\u2122 k\u00f6nnen Custom Apps kosteng\u00fcnstig realisiert und umgesetzt werden. Ob Stand-Alone oder netzwerkf\u00e4hig f\u00fcr den Aussendienst mit Server. F\u00fcr FileMaker GO keine H\u00fcrden.&lt;\/p&gt;\t\t\t\t\t<\/div>\n\t\t\t\t\t\t\t\t<\/div>\n\t\t\t\t\t\t\t\t<\/li>\n\n\t\t\t<li\n\t\t\tclass=\"sow-features-feature sow-icon-container-position-top\"\n\t\t\tstyle=\"display: flex; flex-direction: column; width: calc(33.333% - 25px);\"\n\t\t>\n\t\t\t\n\t\t\t\t\t\t<div\t\t\t\tclass=\"sow-icon-container sow-container-rounded-hex\"\n\t\t\t\tstyle=\"color: ; \"\n\t\t\t\t\n\t\t\t\t\t\t\t>\n\t\t\t\t<span class=\"sow-icon-fontawesome sow-fas\" data-sow-icon=\"&#xf0c2;\"\n\t\tstyle=\"font-size: 24px\" \n\t\taria-hidden=\"true\"><\/span>\t\t\t<\/div>\n\n\t\t\t<div class=\"textwidget\">\n\t\t\t\t\n\t\t\t\t\t\t\t\t\t<h5 class=\"sow-features-feature-title\">\n\t\t\t\t\t\tApplikationen im Webbrowser\t\t\t\t\t<\/h5>\n\t\t\t\t\n\t\t\t\t\t\t\t\t\t<div class=\"sow-features-feature-text\">\n\t\t\t\t\tMit der WebDirect\u00ae Technologie von FileMaker ist ein einfacher Zugriff auf die Ihre L\u00f6sung direkt im Webbrowser in Form einer Web-Anwendung m\u00f6glich. Hierf\u00fcr ist keine separate WebServer\/eCommerce L\u00f6sung n\u00f6tig. \t\t\t\t\t<\/div>\n\t\t\t\t\t\t\t\t<\/div>\n\t\t\t\t\t\t\t\t<\/li>\n\n\t<\/ul>\n<\/div><\/div>\n<div id=\"panel-28-1-0-1\" class=\"so-panel widget widget_text panel-last-child\" data-index=\"2\" data-style=\"{&quot;background_image_attachment&quot;:false,&quot;background_display&quot;:&quot;tile&quot;,&quot;background_image_size&quot;:&quot;full&quot;,&quot;background_image_opacity&quot;:&quot;100&quot;,&quot;border_thickness&quot;:&quot;1px&quot;}\">\n<div class=\"textwidget\">\n<p>&nbsp;<\/p>\n<h1 align=\"center\">Was wir Ihnen anbieten<\/h1>\n<p align=\"center\">Unser Know-How Spektrum umfasst massgeschneiderte Software-L\u00f6sungen f\u00fcr Ihre individuellen Bed\u00fcrfnisse, Anwendungen und Gesch\u00e4ftsprozesse, sowie Standard Software f\u00fcr die Basis-Module einer Gesch\u00e4ftssoftware wie Adressenverwaltung, Auftr\u00e4ge, Lieferscheine, Rechnungen und Arbeitszeiterfassung.<\/p>\n<p align=\"center\">Unser Erfahrungsschatz erstreckt sich von der Schul-Administration, Schmuck-Kalkulation, Kaminfeger, Textilbranche, Barcode Lagerverwaltung, 24h Notfall-Zentrale \u00fcber das Dentallabor bis hin zur Zahnaztpraxis Software.<br \/>\nWir sind Ihr st\u00e4ndiger und einziger Projektbegleiter: Angefangen bei der ersten Sitzung bis him zum \u00abStart-Schuss\u00bb. Eine einzige Ansprechperson, die Ihre Bed\u00fcrfnisse aufnimmt, versteht, und diese dann selber umsetzt (=programmiert) und schliesslich schult und optimiert.\u00a0Damit entfallen die oftmals m\u00fchsamen Umwege, Sitzungen und Missverst\u00e4ndnisse zwischen Projektleiter, Anwender und Programmierer.<\/p>\n<p align=\"center\">Im Gegensatz zu vielen anderen EDV Projekten entsteht hier eine \u00abKunden-FileMaker-Entwickler-Direkt-Beziehung\u00bb.\u00a0Das mag aus FileMaker Entwickler Optik zwar \u00ablogisch\u00bb erscheinen \u2013 ist aber vielen Kunden nicht bewusst, dass sie durch diese N\u00e4he eine optimale Betreuung und Umsetzung ihrer Bed\u00fcrfnisse erhalten.<br \/>\nWir f\u00fcllen mit unseren individuell programmierten Softwarel\u00f6sungen die L\u00fccke zwischen dem \u201ePC Kaufmann\u201c Paket aus dem Gestell im Elektronik-Fachmarkt und einer ERP Software. Die erste Variante ist zwar g\u00fcnstig, passt aber meist nie richtig f\u00fcr die eigene Arbeitsweise. Die ERP-Software muss zuerst noch aufw\u00e4ndig und vor allem kostspielig auf die eigenen Bed\u00fcrfnisse \u201eparametrisiert\u201c werden.<\/p>\n<h1 align=\"center\">Wir sprechen Ihre Sprache<\/h1>\n<p align=\"center\">Durch unsere jahrelange Erfahrung und direkten Gespr\u00e4che mit den Anwendern verstehen wir, was der Benutzer sich wirklich w\u00fcnscht. Wir versetzen uns gedanklich in die Arbeitsprozesse und Abl\u00e4ufe, wie wenn es unser eigener Job w\u00e4re. So k\u00f6nnen wir Ihre Gesch\u00e4ftsprozesse ideal abbilden.<\/p>\n<h1 align=\"center\">Wir sind in der N\u00e4he<\/h1>\n<p align=\"center\">Trotz des enormen Booms der Online-Sitzungen seit der Covid Pandemie, ist es ab und zu einfacher, man sieh sich in pers\u00f6nlich.<\/p>\n<p align=\"center\">Mit zwei Standorten ist dies regional m\u00f6glich. Ein Standort ist in Laax mitten in der Ski-Arena \u00abFlims Laax Falera\u00bb in den B\u00fcndner Bergen in der Surselva. So sind auch Ilanz und Disentis nicht weit entfernt.\u00a0 Mit dem Standort St. Gallen erschliesst sich uns die Ostschweiz.<br \/>\nNat\u00fcrlich sind wir mobil und k\u00f6nnen bei Bedarf auch gerne bei Ihnen vorbei schauen.<\/p>\n<p align=\"center\">\u00a9 2026 Database Designs Alexis Gehrt<\/p>\n<\/div>\n<\/div>\n<\/div>\n<\/div>\n<\/div>\n","protected":false},"excerpt":{"rendered":"<p>FileMaker 2025 ist da! (15.\u00a0Juli\u00a02025) Der Fokus liegt \u2013 wie h\u00e4tte es anders sein k\u00f6nnen \u2013 auf noch mehr KI Funktionen. KI KI KI. Bei KI ist meistens der erste Gedanke: \u00abUh, Hilfe und meine Daten?\u00bb. Darauf wurden wir in Europa im Rahmen der KI Debatten in der Politik ja jahrelang getrimmt, w\u00e4hrend in den [&hellip;]<\/p>\n","protected":false},"author":1,"featured_media":0,"parent":0,"menu_order":0,"comment_status":"closed","ping_status":"closed","template":"templates\/template-full-no-title.php","meta":{"footnotes":""},"class_list":["post-28","page","type-page","status-publish","hentry"],"_links":{"self":[{"href":"https:\/\/www.database-designs.ch\/filemaker-wp\/wp-json\/wp\/v2\/pages\/28","targetHints":{"allow":["GET"]}}],"collection":[{"href":"https:\/\/www.database-designs.ch\/filemaker-wp\/wp-json\/wp\/v2\/pages"}],"about":[{"href":"https:\/\/www.database-designs.ch\/filemaker-wp\/wp-json\/wp\/v2\/types\/page"}],"author":[{"embeddable":true,"href":"https:\/\/www.database-designs.ch\/filemaker-wp\/wp-json\/wp\/v2\/users\/1"}],"replies":[{"embeddable":true,"href":"https:\/\/www.database-designs.ch\/filemaker-wp\/wp-json\/wp\/v2\/comments?post=28"}],"version-history":[{"count":232,"href":"https:\/\/www.database-designs.ch\/filemaker-wp\/wp-json\/wp\/v2\/pages\/28\/revisions"}],"predecessor-version":[{"id":1240,"href":"https:\/\/www.database-designs.ch\/filemaker-wp\/wp-json\/wp\/v2\/pages\/28\/revisions\/1240"}],"wp:attachment":[{"href":"https:\/\/www.database-designs.ch\/filemaker-wp\/wp-json\/wp\/v2\/media?parent=28"}],"curies":[{"name":"wp","href":"https:\/\/api.w.org\/{rel}","templated":true}]}}